{"id":69,"date":"2018-09-16T19:13:37","date_gmt":"2018-09-16T19:13:37","guid":{"rendered":"https:\/\/schneesportkurse.ch\/?page_id=69"},"modified":"2026-02-17T16:56:25","modified_gmt":"2026-02-17T15:56:25","slug":"kursanmeldung-schoenried-18-20-01-2019","status":"publish","type":"page","link":"https:\/\/schneesportkurse.ch\/?page_id=69","title":{"rendered":"11 Kursanmeldung Sch\u00f6nried"},"content":{"rendered":"<div id=\"pl-69\"  class=\"panel-layout\" ><div id=\"pg-69-0\"  class=\"panel-grid panel-has-style\" ><div class=\"siteorigin-panels-stretch panel-row-style panel-row-style-for-69-0\" data-stretch-type=\"full\" ><div id=\"pgc-69-0-0\"  class=\"panel-grid-cell\" ><div id=\"panel-69-0-0-0\" class=\"so-panel widget widget_sow-editor panel-first-child panel-last-child\" data-index=\"0\" ><div class=\"panel-widget-style panel-widget-style-for-69-0-0-0\" ><div\n\t\t\t\n\t\t\tclass=\"so-widget-sow-editor so-widget-sow-editor-base\"\n\t\t\t\n\t\t>\n<div class=\"siteorigin-widget-tinymce textwidget\">\n\t<p style=\"text-align: center;\"><span style=\"color: #ffffff;\"><strong><span style=\"font-size: 24pt;\">Anmeldung Schneesportkurs Sch\u00f6nried<\/span><\/strong><\/span><\/p>\n<\/div>\n<\/div><\/div><\/div><\/div><\/div><\/div><div id=\"pg-69-1\"  class=\"panel-grid panel-no-style\" ><div id=\"pgc-69-1-0\"  class=\"panel-grid-cell\" ><div id=\"panel-69-1-0-0\" class=\"so-panel widget widget_sow-editor panel-first-child panel-last-child\" data-index=\"1\" ><div\n\t\t\t\n\t\t\tclass=\"so-widget-sow-editor so-widget-sow-editor-base\"\n\t\t\t\n\t\t>\n<div class=\"siteorigin-widget-tinymce textwidget\">\n\t<h3><span style=\"font-size: 18pt;\">Freitag, <strong>22.01.2027<\/strong>, 20:00 Uhr<br \/>\nbis<br \/>\n<\/span><span style=\"font-size: 18pt;\">Sonntag, <strong>24.01.2027<\/strong>, 16:00 Uhr<\/span><\/h3>\n<p>&nbsp;<\/p>\n<p><strong>Anmeldeschluss:\u00a0<\/strong> <b>20. Dezember 2026<\/b><\/p>\n<p>Kurzfristige Anmeldungen sind nur bei freien Kurspl\u00e4tzen m\u00f6glich.<\/p>\n<p>&nbsp;<\/p>\n<p><strong>Kontakt<\/strong><\/p>\n<p><a href=\"mailto:info@schneesportkurse.ch?subject=Schneesportkurs Sch\u00f6nried\">info@schneesportkurse.ch<\/a><br \/>\nLukas Gerber, 079 773 97 06<br \/>\nKurt Christen, 079 485 86 20<\/p>\n<p>&nbsp;<\/p>\n<p>Anmeldeformular weiter unten<br \/>\nDu bist erst nach erfolgtem Zahlungseingang definitiv angemeldet.<\/p>\n<\/div>\n<\/div><\/div><\/div><div id=\"pgc-69-1-1\"  class=\"panel-grid-cell\" ><div id=\"panel-69-1-1-0\" class=\"so-panel widget widget_sow-editor panel-first-child panel-last-child\" data-index=\"2\" ><div class=\"panel-widget-style panel-widget-style-for-69-1-1-0\" ><div\n\t\t\t\n\t\t\tclass=\"so-widget-sow-editor so-widget-sow-editor-base\"\n\t\t\t\n\t\t>\n<div class=\"siteorigin-widget-tinymce textwidget\">\n\t<h3><strong>Weitere Informationen<\/strong><\/h3>\n<p><strong>Fortbildung Ski \/ Snowboard<br \/>\n<\/strong>mit oder ohne J+S-Modul Fortbildung<\/p>\n<p>Kurs Snowboard findet erst ab einer Gruppengr\u00f6sse von 6 Personen statt.<\/p>\n<p><strong><b>Region<br \/>\n<\/b><\/strong>Sch\u00f6nried im Saanenland \u00a0 \u00a0<a href=\"http:\/\/www.gstaad.ch\" target=\"_blank\" rel=\"noopener\">http:\/\/www.gstaad.ch<\/a><\/p>\n<p><strong>Unterkunft<br \/>\n<\/strong>Ferienheim Fraubrunnen, Sch\u00f6nried<br \/>\nMehrbettzimmer (nordisch)<br \/>\n<a href=\"http:\/\/www.faf.ch\" target=\"_blank\" rel=\"noopener\">http:\/\/www.faf.ch<\/a><\/p>\n<p><strong>Kurskosten<br \/>\n<\/strong>CHF 350.<span>\u2013<\/span> inkl. Skiabo<br \/>\nCHF 260.<span>\u2013<\/span> mit eigenem Skiabo<\/p>\n<p>F\u00fcr Abmeldungen nach dem Anmeldeschluss erheben wir einen Organisationsbeitrag von CHF 50.\u2013,<br \/>\nf\u00fcr Abmeldungen sp\u00e4ter als 2 Tage vor dem Kurs CHF 150.\u2013 (durch uns gel\u00f6ste Skiabo k\u00f6nnen nicht zur\u00fcckgegeben werden).<\/p>\n<p><strong>Leitung<br \/>\n<\/strong>Kurt Christen und das Schneesportlehrer-Team<\/p>\n<p><strong>Ziele<br \/>\n<\/strong>\u2022 Vorbereitung f\u00fcr die Wintersportlager mittels exemplarischem Unterricht<br \/>\n\u2022 Vermittlung von Unterrichtsideen sowie F\u00f6rderung der pers\u00f6nlichen Fertigkeiten<br \/>\n\u2022 Update J+S-Fortbildungsthema<\/p>\n<\/div>\n<\/div><\/div><\/div><\/div><\/div><div id=\"pg-69-2\"  class=\"panel-grid panel-no-style\" ><div id=\"pgc-69-2-0\"  class=\"panel-grid-cell\" ><div id=\"panel-69-2-0-0\" class=\"so-panel widget widget_sow-editor panel-first-child panel-last-child\" data-index=\"3\" ><div\n\t\t\t\n\t\t\tclass=\"so-widget-sow-editor so-widget-sow-editor-base\"\n\t\t\t\n\t\t>\n<div class=\"siteorigin-widget-tinymce textwidget\">\n\t<hr \/>\n<h4>Kursanmeldung<\/h4>\n<div class=\"wpforms-container wpforms-container-full\" id=\"wpforms-24\"><form id=\"wpforms-form-24\" class=\"wpforms-validate wpforms-form\" data-formid=\"24\" method=\"post\" enctype=\"multipart\/form-data\" action=\"\/index.php?rest_route=%2Fwp%2Fv2%2Fpages%2F69\" data-token=\"272a5c5dd0a956b2420504b78b1218e8\" data-token-time=\"1776594074\"><noscript class=\"wpforms-error-noscript\">Bitte aktiviere JavaScript in deinem Browser, um dieses Formular fertigzustellen.<\/noscript><div class=\"wpforms-field-container\"><div id=\"wpforms-24-field_9-container\" class=\"wpforms-field wpforms-field-name\" data-field-id=\"9\"><label class=\"wpforms-field-label\" for=\"wpforms-24-field_9\">Vorname Name <span class=\"wpforms-required-label\">*<\/span><\/label><div class=\"wpforms-field-row wpforms-field-medium\"><div class=\"wpforms-field-row-block wpforms-first wpforms-one-half\"><input type=\"text\" id=\"wpforms-24-field_9\" class=\"wpforms-field-name-first wpforms-field-required\" name=\"wpforms[fields][9][first]\" placeholder=\"Vorname\" required><label for=\"wpforms-24-field_9\" class=\"wpforms-field-sublabel after wpforms-sublabel-hide\">Vorname<\/label><\/div><div class=\"wpforms-field-row-block wpforms-one-half\"><input type=\"text\" id=\"wpforms-24-field_9-last\" class=\"wpforms-field-name-last wpforms-field-required\" name=\"wpforms[fields][9][last]\" placeholder=\"Nachname\" required><label for=\"wpforms-24-field_9-last\" class=\"wpforms-field-sublabel after wpforms-sublabel-hide\">Nachname<\/label><\/div><\/div><\/div><div id=\"wpforms-24-field_4-container\" class=\"wpforms-field wpforms-field-text\" data-field-id=\"4\"><label class=\"wpforms-field-label\" for=\"wpforms-24-field_4\">Strasse &amp; Nr. <span class=\"wpforms-required-label\">*<\/span><\/label><input type=\"text\" id=\"wpforms-24-field_4\" class=\"wpforms-field-medium wpforms-field-required\" name=\"wpforms[fields][4]\" required><\/div><div id=\"wpforms-24-field_16-container\" class=\"wpforms-field wpforms-field-text\" data-field-id=\"16\"><label class=\"wpforms-field-label\" for=\"wpforms-24-field_16\">PLZ <span class=\"wpforms-required-label\">*<\/span><\/label><input type=\"text\" id=\"wpforms-24-field_16\" class=\"wpforms-field-medium wpforms-field-required\" name=\"wpforms[fields][16]\" required><\/div><div id=\"wpforms-24-field_5-container\" class=\"wpforms-field wpforms-field-text\" data-field-id=\"5\"><label class=\"wpforms-field-label\" for=\"wpforms-24-field_5\">Ort <span class=\"wpforms-required-label\">*<\/span><\/label><input type=\"text\" id=\"wpforms-24-field_5\" class=\"wpforms-field-medium wpforms-field-required\" name=\"wpforms[fields][5]\" required><\/div><div id=\"wpforms-24-field_26-container\" class=\"wpforms-field wpforms-field-text\" data-field-id=\"26\"><label class=\"wpforms-field-label\" for=\"wpforms-24-field_26\">Telefon<\/label><input type=\"text\" id=\"wpforms-24-field_26\" class=\"wpforms-field-medium wpforms-masked-input\" data-rule-inputmask-incomplete=\"1\" data-inputmask-mask=\"+41 99 999 99 99\" name=\"wpforms[fields][26]\" value=\"+41\" ><\/div><div id=\"wpforms-24-field_3-container\" class=\"wpforms-field wpforms-field-email\" data-field-id=\"3\"><label class=\"wpforms-field-label\" for=\"wpforms-24-field_3\">E-Mail-Adresse <span class=\"wpforms-required-label\">*<\/span><\/label><input type=\"email\" id=\"wpforms-24-field_3\" class=\"wpforms-field-medium wpforms-field-required\" name=\"wpforms[fields][3]\" spellcheck=\"false\" required><\/div><div id=\"wpforms-24-field_7-container\" class=\"wpforms-field wpforms-field-text\" data-field-id=\"7\"><label class=\"wpforms-field-label\" for=\"wpforms-24-field_7\">Schule<\/label><input type=\"text\" id=\"wpforms-24-field_7\" class=\"wpforms-field-medium\" name=\"wpforms[fields][7]\" ><\/div><div id=\"wpforms-24-field_29-container\" class=\"wpforms-field wpforms-field-text\" data-field-id=\"29\"><label class=\"wpforms-field-label\" for=\"wpforms-24-field_29\">IBAN-Nummer f\u00fcr allf. R\u00fcckerstattungen <span class=\"wpforms-required-label\">*<\/span><\/label><input type=\"text\" id=\"wpforms-24-field_29\" class=\"wpforms-field-medium wpforms-field-required wpforms-masked-input\" data-rule-inputmask-incomplete=\"1\" data-inputmask-mask=\"CH99 9999 9*** **** **** *\" name=\"wpforms[fields][29]\" placeholder=\"CHxx xxxx xxxx xxxx xxxx x\" required><\/div><div id=\"wpforms-24-field_31-container\" class=\"wpforms-field wpforms-field-text\" data-field-id=\"31\"><label class=\"wpforms-field-label\" for=\"wpforms-24-field_31\">AHV-Nr. <span class=\"wpforms-required-label\">*<\/span><\/label><input type=\"text\" id=\"wpforms-24-field_31\" class=\"wpforms-field-medium wpforms-field-required wpforms-masked-input wpforms-limit-characters-enabled\" data-rule-inputmask-incomplete=\"1\" data-inputmask-mask=\"999.9999.9999.99\" data-form-id=\"24\" data-field-id=\"31\" data-text-limit=\"16\" name=\"wpforms[fields][31]\" placeholder=\"756.1234.5678.90\" maxlength=\"16\" required><\/div><div id=\"wpforms-24-field_18-container\" class=\"wpforms-field wpforms-field-radio\" data-field-id=\"18\"><label class=\"wpforms-field-label\">Sportger\u00e4t \/ Level <span class=\"wpforms-required-label\">*<\/span><\/label><ul id=\"wpforms-24-field_18\" class=\"wpforms-field-required\"><li class=\"choice-1 depth-1\"><input type=\"radio\" id=\"wpforms-24-field_18_1\" name=\"wpforms[fields][18]\" value=\"Ski Fortgeschritten\" required ><label class=\"wpforms-field-label-inline\" for=\"wpforms-24-field_18_1\">Ski Fortgeschritten<\/label><\/li><li class=\"choice-2 depth-1\"><input type=\"radio\" id=\"wpforms-24-field_18_2\" name=\"wpforms[fields][18]\" value=\"Ski Hervorragend\" required ><label class=\"wpforms-field-label-inline\" for=\"wpforms-24-field_18_2\">Ski Hervorragend<\/label><\/li><li class=\"choice-4 depth-1\"><input type=\"radio\" id=\"wpforms-24-field_18_4\" name=\"wpforms[fields][18]\" value=\"Snowboard Fortgeschritten\" required ><label class=\"wpforms-field-label-inline\" for=\"wpforms-24-field_18_4\">Snowboard Fortgeschritten<\/label><\/li><li class=\"choice-5 depth-1\"><input type=\"radio\" id=\"wpforms-24-field_18_5\" name=\"wpforms[fields][18]\" value=\"Snowboard Hervorragend\" required ><label class=\"wpforms-field-label-inline\" for=\"wpforms-24-field_18_5\">Snowboard Hervorragend<\/label><\/li><\/ul><\/div><div id=\"wpforms-24-field_32-container\" class=\"wpforms-field wpforms-field-checkbox\" data-field-id=\"32\"><label class=\"wpforms-field-label\">J+S Modul Fortbildung (zur Erf\u00fcllung der J+S Weiterbildungspflicht)<\/label><ul id=\"wpforms-24-field_32\"><li class=\"choice-1 depth-1\"><input type=\"checkbox\" id=\"wpforms-24-field_32_1\" name=\"wpforms[fields][32][]\" value=\"Modul Fortbildung\"  ><label class=\"wpforms-field-label-inline\" for=\"wpforms-24-field_32_1\">Modul Fortbildung<\/label><\/li><\/ul><\/div><div id=\"wpforms-24-field_8-container\" class=\"wpforms-field wpforms-field-text\" data-field-id=\"8\"><label class=\"wpforms-field-label\" for=\"wpforms-24-field_8\">J+S Nr.<\/label><input type=\"text\" id=\"wpforms-24-field_8\" class=\"wpforms-field-medium wpforms-masked-input\" data-rule-inputmask-incomplete=\"1\" data-inputmask-mask=\"99999[9][9][9][9]\" name=\"wpforms[fields][8]\" ><\/div><div id=\"wpforms-24-field_34-container\" class=\"wpforms-field wpforms-field-checkbox\" data-field-id=\"34\"><label class=\"wpforms-field-label\">Weitere Infos<\/label><ul id=\"wpforms-24-field_34\"><li class=\"choice-1 depth-1\"><input type=\"checkbox\" id=\"wpforms-24-field_34_1\" name=\"wpforms[fields][34][]\" value=\"Eigenes Abo f\u00fcr Bergbahnen\"  ><label class=\"wpforms-field-label-inline\" for=\"wpforms-24-field_34_1\">Eigenes Abo f\u00fcr Bergbahnen<\/label><\/li><\/ul><\/div><div id=\"wpforms-24-field_22-container\" class=\"wpforms-field wpforms-field-checkbox wpforms-list-3-columns\" data-field-id=\"22\"><label class=\"wpforms-field-label wpforms-label-hide\">Vegi<\/label><ul id=\"wpforms-24-field_22\"><li class=\"choice-2 depth-1\"><input type=\"checkbox\" id=\"wpforms-24-field_22_2\" name=\"wpforms[fields][22][]\" value=\"Vegetarisches Essen\"  ><label class=\"wpforms-field-label-inline\" for=\"wpforms-24-field_22_2\">Vegetarisches Essen<\/label><\/li><\/ul><\/div><div id=\"wpforms-24-field_15-container\" class=\"wpforms-field wpforms-field-text\" data-field-id=\"15\"><label class=\"wpforms-field-label\" for=\"wpforms-24-field_15\">Zimmerwunsch<\/label><input type=\"text\" id=\"wpforms-24-field_15\" class=\"wpforms-field-medium\" name=\"wpforms[fields][15]\" ><div class=\"wpforms-field-description\">z.B. zusammen mit ...<\/div><\/div><\/div><!-- .wpforms-field-container --><div class=\"wpforms-field wpforms-field-hp\"><label for=\"wpforms-24-field-hp\" class=\"wpforms-field-label\">Name<\/label><input type=\"text\" name=\"wpforms[hp]\" id=\"wpforms-24-field-hp\" class=\"wpforms-field-medium\"><\/div><div class=\"wpforms-submit-container\" ><input type=\"hidden\" name=\"wpforms[id]\" value=\"24\"><input type=\"hidden\" name=\"page_title\" value=\"\"><input type=\"hidden\" name=\"page_url\" value=\"https:\/\/schneesportkurse.ch\/index.php?rest_route=\/wp\/v2\/pages\/69\"><input type=\"hidden\" name=\"url_referer\" value=\"\"><button type=\"submit\" name=\"wpforms[submit]\" id=\"wpforms-submit-24\" class=\"wpforms-submit\" data-alt-text=\"Sende...\" data-submit-text=\"Senden\" aria-live=\"assertive\" value=\"wpforms-submit\">Senden<\/button><\/div><\/form><\/div>  <!-- .wpforms-container -->\n<\/div>\n<\/div><\/div><\/div><\/div><\/div>","protected":false},"excerpt":{"rendered":"<p>Anmeldung Schneesportkurs Sch\u00f6nried Freitag, 22.01.2027, 20:00 Uhr bis Sonntag, 24.01.2027, 16:00 Uhr &nbsp; Anmeldeschluss:\u00a0 20. Dezember 2026 Kurzfristige Anmeldungen sind nur bei freien Kurspl\u00e4tzen m\u00f6glich. &nbsp; Kontakt info@schneesportkurse.ch Lukas Gerber, 079 773 97 06 Kurt Christen, 079 485 86 20 &nbsp; Anmeldeformular weiter unten Du bist erst nach erfolgtem Zahlungseingang [&hellip;]<\/p>\n","protected":false},"author":1,"featured_media":0,"parent":0,"menu_order":0,"comment_status":"closed","ping_status":"closed","template":"page-templates\/template-fullwidth.php","meta":{"footnotes":""},"class_list":["post-69","page","type-page","status-publish","hentry"],"_links":{"self":[{"href":"https:\/\/schneesportkurse.ch\/index.php?rest_route=\/wp\/v2\/pages\/69","targetHints":{"allow":["GET"]}}],"collection":[{"href":"https:\/\/schneesportkurse.ch\/index.php?rest_route=\/wp\/v2\/pages"}],"about":[{"href":"https:\/\/schneesportkurse.ch\/index.php?rest_route=\/wp\/v2\/types\/page"}],"author":[{"embeddable":true,"href":"https:\/\/schneesportkurse.ch\/index.php?rest_route=\/wp\/v2\/users\/1"}],"replies":[{"embeddable":true,"href":"https:\/\/schneesportkurse.ch\/index.php?rest_route=%2Fwp%2Fv2%2Fcomments&post=69"}],"version-history":[{"count":70,"href":"https:\/\/schneesportkurse.ch\/index.php?rest_route=\/wp\/v2\/pages\/69\/revisions"}],"predecessor-version":[{"id":1288,"href":"https:\/\/schneesportkurse.ch\/index.php?rest_route=\/wp\/v2\/pages\/69\/revisions\/1288"}],"wp:attachment":[{"href":"https:\/\/schneesportkurse.ch\/index.php?rest_route=%2Fwp%2Fv2%2Fmedia&parent=69"}],"curies":[{"name":"wp","href":"https:\/\/api.w.org\/{rel}","templated":true}]}}